{"id":280,"date":"2020-03-10T16:11:35","date_gmt":"2020-03-10T15:11:35","guid":{"rendered":"https:\/\/www.marmitesvolantes.fr\/?page_id=280"},"modified":"2025-04-03T16:54:12","modified_gmt":"2025-04-03T14:54:12","slug":"cgu-cgv","status":"publish","type":"page","link":"https:\/\/www.marmitesvolantes.fr\/index.php\/cgu-cgv\/","title":{"rendered":"CGU\/CGV"},"content":{"rendered":"<h2 class=\"p1\"><span class=\"s1\" style=\"color: #d52b36;\"><b>CGV Les Marmites Volantes<\/b><\/span><\/h2>\n<p class=\"p2\"><span class=\"s1\">\u00a0<\/span><\/p>\n<h4 class=\"p3\"><span class=\"s1\"><span style=\"color: #d52b36;\"><b>Conditions g\u00e9n\u00e9rales de vente<\/b><\/span><br \/>\n<\/span><\/h4>\n<h5 class=\"p2\"><span class=\"s1\">Les pr\u00e9sentes conditions de vente sont conclues d\u2019une part par l\u2019Entreprise Solidaire d\u2019Utilit\u00e9 Sociale, SARL Les Bouffesquetaires au capital social de 62 250\u20ac (Soixante deux mille deux cent cinquante euros) dont le si\u00e8ge social est situ\u00e9 au 69 rue Armand Carrel, 75019 Paris immatricul\u00e9e au Registre du Commerce et des Soci\u00e9t\u00e9s de Paris sous le num\u00e9ro 534 526 389 ci-apr\u00e8s d\u00e9nomm\u00e9e par sa marque commerciale <b>\u00ab\u00a0Les Marmites Volantes\u00a0\u00bb <\/b>et g\u00e9rant le site marmitesvolantes-preprod.starcrags.com (ci-apr\u00e8s d\u00e9nomm\u00e9 le \u00ab\u00a0Site\u00a0\u00bb) et, d\u2019autre part, par toute personne physique ou morale (ci-apr\u00e8s un \u00ab\u00a0Client\u00a0\u00bb) \u00a0qui navigue ou fait une demande de devis propos\u00e9e sur le Site\u00a0<a href=\"https:\/\/www.marmitesvolantes.fr\"><span class=\"s2\">marmitesvolantes.fr<\/span><\/a> ou en prenant contact avec le service commercial \u00e0 l\u2019adresse commercial@marmitesvolantes.fr ou par t\u00e9l\u00e9phone au <span class=\"zgWrF\">07 66 49 21 51.<\/span><\/span><\/h5>\n<h4 class=\"p5\"><span class=\"s3\"><span style=\"color: #d52b36;\"><b>Article 1. Objet<\/b><\/span><\/span><\/h4>\n<h5 class=\"p5\"><span class=\"s3\"><br \/>\n<\/span><span class=\"s1\">Ces CGV visent \u00e0 d\u00e9crire les modalit\u00e9s de <b>vente \u00e0 distance, de livraison et de tarification des produits et services propos\u00e9s par les Marmites Volantes tels que les formules marmites ou prestations traiteurs<\/b> (ci-apr\u00e8s le les \u00ab\u00a0Prestations\u00a0\u00bb) et visent \u00e0 d\u00e9finir les relations contractuelles entre Les Marmites Volantes et les clients et \u00e0 pr\u00e9ciser les conditions applicables \u00e0 toute commande effectu\u00e9e par n&rsquo;importe quel canal de commande (e-mail, t\u00e9l\u00e9phone, demande de devis via le site etc.). <\/span><\/h5>\n<h5 class=\"p5\"><span class=\"s1\">Ces CGV ne visent pas \u00e0 d\u00e9crire les modalit\u00e9s de vente de repas dans nos restaurants, ainsi que la production et la livraison de produits \u00e0 destinations de cantines scolaires.<br \/>\nToute commande de Prestations implique une acceptation sans r\u00e9serve par le client des pr\u00e9sentes conditions de vente dont le client reconna\u00eet avoir pris connaissance pr\u00e9alablement \u00e0 sa commande. Avant toute transaction, le client d\u00e9clare avoir la pleine capacit\u00e9 juridique, lui permettant de s\u2019engager au titre des pr\u00e9sentes conditions g\u00e9n\u00e9rales de ventes.<br \/>\n<\/span><\/h5>\n<h5 class=\"p2\"><span class=\"s1\">Les Marmites Volantes a la facult\u00e9 de modifier ou de faire \u00e9voluer \u00e0 tout moment les pr\u00e9sentes CGV, le contenu, les tarifs et\/ou les conditions d\u2019acc\u00e8s au Site, en fonction de l\u2019\u00e9volution de son offre et du march\u00e9, ou en raison de contraintes techniques et juridiques. Ces modifications prendront effet imm\u00e9diatement, de ce fait, les conditions applicables seront celles en vigueur \u00e0 la date de la commande par le client.<\/span><\/h5>\n<h4 class=\"p2\"><span class=\"s1\"><span style=\"color: #d52b36;\"><b>Article 2. Produits<\/b><\/span><\/span><\/h4>\n<h5 class=\"p2\"><span class=\"s1\">Les Prestations propos\u00e9es sont celles qui figurent sur le site Internet marmitesvolantes-preprod.starcrags.com de la soci\u00e9t\u00e9 Les Marmites Volantes, dans la limite des stocks disponibles et des capacit\u00e9s de production. La soci\u00e9t\u00e9 Les Marmites Volantes se r\u00e9serve le droit de modifier \u00e0 tout moment l\u2019assortiment de produits et leur composition. <\/span><\/h5>\n<h5 class=\"p2\"><span class=\"s1\">Il appartient au client de se renseigner en amont de sa commande sur ses allergies ou intol\u00e9rances alimentaires et d\u2019en informer les Marmites Volantes en pr\u00e9cisant les r\u00e9gimes alimentaires \u00e0 prendre en compte lors de la pr\u00e9paration de sa commande.<\/span><\/h5>\n<h5 class=\"p2\"><span class=\"s1\">Par ailleurs, nos repas \u00e9tant cuisin\u00e9s dans une cuisine o\u00f9 sont \u00e9galement utilis\u00e9s des allerg\u00e8nes, malgr\u00e9 toutes nos pr\u00e9cautions prises par Les Marmites Volantes au regard du respect de toutes les r\u00e8gles d\u2019hygi\u00e8ne en vigueur, des contacts crois\u00e9s accidentels sont toujours possibles. Les Marmites Volantes ne peut donc pas garantir l&rsquo;absence totale d&rsquo;allerg\u00e8nes dans les commandes livr\u00e9es aux clients finaux.<\/span><\/h5>\n<h5 class=\"p2\"><span class=\"s1\">Les Marmites Volantes d\u00e9cline toute responsabilit\u00e9 en cas de consommation diff\u00e9r\u00e9e des produits.<\/span><\/h5>\n<h4 class=\"p7\"><span class=\"s4\"><br \/>\n<\/span><span class=\"s1\"><span style=\"color: #d52b36;\"><b>Article 3. Disponibilit\u00e9 du service<\/b><\/span><br \/>\n<\/span><\/h4>\n<h5 class=\"p2\"><span class=\"s1\">Le site Internet de la soci\u00e9t\u00e9 Les Marmites Volantes est normalement accessible 24 heures sur 24 et 7 jours sur 7 par le client, sauf en cas de force majeure ou d\u2019\u00e9v\u00e9nements hors du contr\u00f4le des Marmites Volantes, et sous r\u00e9serve des \u00e9ventuelles pannes et interventions de maintenance n\u00e9cessaires au bon fonctionnement du Site et des mat\u00e9riels.<\/span><\/h5>\n<h5>Les Marmites Volantes ne saura \u00eatre tenu responsable d\u2019aucun pr\u00e9judice li\u00e9 \u00e0 la non disponibilit\u00e9 du service. La disponibilit\u00e9 du service propos\u00e9 par Les Marmites Volantes (commande et livraison de formules marmites ou prestations traiteurs ) est quant \u00e0 elle r\u00e9duite aux horaires d\u00e9finis par Les Marmites Volantes, qui peuvent changer r\u00e9guli\u00e8rement.<\/h5>\n<h4 class=\"p3\"><span class=\"s1\"><span style=\"color: #d52b36;\"><b>Article 4. Tarifs<\/b><\/span><\/span><\/h4>\n<h5 class=\"p3\"><span class=\"s1\">Les prix figurant sur les fiches de description de nos offres sur le Site sont des prix en Euros (\u20ac) toutes taxes comprises (TTC). Le taux de TVA est celui applicable au jour de la facturation, tout changement de ce taux pourra<span class=\"Apple-converted-space\">\u00a0 <\/span>\u00eatre r\u00e9percut\u00e9 sur le prix des produits. La soci\u00e9t\u00e9 Les Marmites Volantes se r\u00e9serve le droit de modifier ses prix \u00e0 tout moment, \u00e9tant toutefois entendu que le prix figurant sur le devis le jour de la commande sera le seul applicable au client. <\/span><\/h5>\n<h4 class=\"p5\"><span class=\"s3\"><b><span style=\"color: #d52b36;\">Article 5. Commande<\/span> <\/b><\/span><\/h4>\n<h5 class=\"p5\"><span class=\"s3\"><br \/>\n<\/span><span class=\"s1\">La soci\u00e9t\u00e9 Les Marmites Volantes propose au client de commander ses Prestations via la demande de devis en ligne, par mail ou par t\u00e9l\u00e9phone\u00a0.<\/span><\/h5>\n<h5>En ligne, le client s\u00e9lectionne les produits qu\u2019il souhaite commander via le formulaire de demande de devis, et transmet toutes les informations n\u00e9cessaires au bon d\u00e9roulement de la livraison (Nom, Pr\u00e9nom, Soci\u00e9t\u00e9, Adresse de facturation, Adresse de livraison, n\u00b0 de t\u00e9l\u00e9phone, autres informations n\u00e9cessaires au bon d\u00e9roulement de la livraison). Il peut \u00e9galement effectuer sa demande par courriel \u00e0 l&rsquo;adresse <a href=\"mailto:commercial@marmitesvolantes.fr\"><span class=\"s2\">commercial@marmitesvolantes.fr<\/span><\/a>.<\/h5>\n<h5>La commande pass\u00e9e par le Client fait l\u2019objet d\u2019un envoi de devis au format pdf par email de la part des Marmites Volantes. Ce devis contient la confirmation du produit, la quantit\u00e9 command\u00e9e, le prix HT et TTC ainsi que les modalit\u00e9s de livraison. Il est de la responsabilit\u00e9 du Client de v\u00e9rifier l\u2019ensemble des informations contenues dans le devis et de renvoyer un bon pour accord par courriel pour confirmer fermement sa commande.<\/h5>\n<h5 class=\"p5\"><span class=\"s1\"><br \/>\nEn cas d\u2019erreur de saisie de l\u2019adresse \u00e9lectronique par le client, ou de non r\u00e9ception du devis, la responsabilit\u00e9 des Marmites Volantes ne saurait \u00eatre engag\u00e9e.<\/span><\/h5>\n<h5>La validation finale de la commande et l&rsquo;envoi par courriel du bon pour accord vaudra preuve de l\u2019acceptation par le Client des prix et de la description des produits ainsi que de l\u2019int\u00e9gralit\u00e9 de ladite commande et vaudra exigibilit\u00e9 des sommes engag\u00e9es pour la commande. (Pour conna\u00eetre les conditions d\u2019annulation d\u2019une commande cf Article 6. Annulation d\u2019une commande)<br \/>\nEn tout \u00e9tat de cause, la validation finale de la commande et l&rsquo;envoi par courriel du bon pour accord doit intervenir au plus tard 2 jours ouvr\u00e9s apr\u00e8s la r\u00e9ception du devis.<\/h5>\n<h5 class=\"p2\"><span class=\"s1\">La confirmation d\u2019une commande entra\u00eene acceptation des pr\u00e9sentes conditions de vente, la reconnaissance d\u2019en avoir parfaite connaissance et la renonciation \u00e0 se pr\u00e9valoir de ses propres conditions d\u2019achat. L\u2019ensemble des donn\u00e9es fournies et la confirmation enregistr\u00e9e vaudront preuve de la transaction. La soci\u00e9t\u00e9 Les Marmites Volantes communiquera au client par courriel la confirmation de l\u2019enregistrement de sa commande.<\/span><\/h5>\n<h5>En cas d\u2019erreur dans la commande constat\u00e9e \u00e0 la livraison, Les Marmites Volantes s\u2019engage \u00e0 rembourser le client des produits command\u00e9s et non livr\u00e9s.<\/h5>\n<h4 class=\"p2\"><span class=\"s1\"><br \/>\n<\/span><span class=\"s5\" style=\"color: #d52b36;\"><b>Article 6. Annulation d&rsquo;une commande<\/b><\/span><span class=\"s1\"><br \/>\n<\/span><\/h4>\n<h5><span class=\"s1\">Si le client souhaite annuler sa commande, voici les conditions mises en place par les Marmites Volantes :<\/span><\/h5>\n<h5>Pour \u00eatre valable, l&rsquo;annulation devra \u00eatre indiqu\u00e9e par courriel, \u00e0 l&rsquo;adresse <a href=\"mailto:commercial@marmitesvolantes.fr\"><span class=\"s2\">commercial@marmitesvolantes.fr<\/span><\/a>.<\/h5>\n<h5><span class=\"s1\"><b>Conditions d\u2019annulation : <\/b><\/span><\/h5>\n<h5>Pour un devis d&rsquo;une valeur de moins de 1 000 \u20ac (mille euros) HT<\/h5>\n<ul>\n<li style=\"list-style-type: none;\">\n<ul>\n<li style=\"list-style-type: none;\">\n<ul>\n<li style=\"list-style-type: none;\">\n<ul>\n<li class=\"li8\">\n<h5><span class=\"s1\">Annulation plus de 24 heures (vingt-quatre heures) ouvr\u00e9es avant la prestation : Sans frais <\/span><\/h5>\n<\/li>\n<li class=\"li8\">\n<h5><span class=\"s1\">Entre 24 heures (vingt-quatre heures) et 10 heures (dix heures) ouvr\u00e9es avant la prestation : 50% (cinquante pour-cent) du montant HT d\u00fb <\/span><\/h5>\n<\/li>\n<li class=\"li8\">\n<h5><span class=\"s1\">Moins de 10 heures(dix heures) ouvr\u00e9es avant la prestation : 100% (cent pour-cent) du montant HT d\u00fb<\/span><\/h5>\n<\/li>\n<\/ul>\n<\/li>\n<\/ul>\n<\/li>\n<\/ul>\n<\/li>\n<\/ul>\n<h5><span class=\"s1\">Devis entre 1 000 \u20ac (mille euros) HT et 5 000 \u20ac (cinq mille euros) HT<\/span><\/h5>\n<ul>\n<li style=\"list-style-type: none;\">\n<ul>\n<li style=\"list-style-type: none;\">\n<ul>\n<li style=\"list-style-type: none;\">\n<ul>\n<li class=\"li8\">\n<h5><span class=\"s1\">Annulation plus de 5 (cinq) jours ouvr\u00e9s avant la prestation : Sans frais<\/span><\/h5>\n<\/li>\n<li class=\"li8\">\n<h5><span class=\"s1\">Entre 5 (cinq) jours et 3 (trois) jours ouvr\u00e9s avant la prestation : 50% (cinquante pour-cent) du montant HT d\u00fb<\/span><\/h5>\n<\/li>\n<li class=\"li8\">\n<h5><span class=\"s1\">Moins de 3 (trois) jours ouvr\u00e9s avant la prestation : 100% (cent pour-cent) du montant HT d\u00fb<br \/>\n<\/span><\/h5>\n<\/li>\n<\/ul>\n<\/li>\n<\/ul>\n<\/li>\n<\/ul>\n<\/li>\n<\/ul>\n<h5><span class=\"s1\">Devis de plus de 5 000 \u20ac (cinq mille) HT<\/span><\/h5>\n<ul>\n<li style=\"list-style-type: none;\">\n<ul>\n<li style=\"list-style-type: none;\">\n<ul>\n<li style=\"list-style-type: none;\">\n<ul>\n<li class=\"li8\">\n<h5><span class=\"s1\">Annulation plus de 15 (quinze) jours ouvr\u00e9s avant la prestation : Sans frais<\/span><\/h5>\n<\/li>\n<li class=\"li8\">\n<h5><span class=\"s1\">Entre 15 (quinze) jours et 10 (dix) jours ouvr\u00e9s avant la prestation : 50% (cinquante pour-cent) du montant HT d\u00fb <\/span><\/h5>\n<\/li>\n<li class=\"li8\">\n<h5><span class=\"s1\">Entre 10 (dix) jours et 5 (cinq) jours ouvr\u00e9s avant la prestation : 75% (soixante-quinze pour-cent) du montant HT d\u00fb<\/span><\/h5>\n<\/li>\n<li class=\"li8\">\n<h5><span class=\"s1\">Moins de 5 (cinq) jours ouvr\u00e9s avant la prestation : 100% (cent pour-cent) du montant HT d\u00fb<\/span><\/h5>\n<\/li>\n<\/ul>\n<\/li>\n<\/ul>\n<\/li>\n<\/ul>\n<\/li>\n<\/ul>\n<h5><span class=\"gmail-s1\">Devis de plus de 10 000 \u20ac (dix mille) HT<\/span><\/h5>\n<div>\n<ul>\n<li style=\"list-style-type: none;\">\n<ul>\n<li style=\"list-style-type: none;\">\n<ul>\n<li>\n<h5><span class=\"gmail-s1\">Annulation plus de 25 (vingt-cinq) jours ouvr\u00e9s avant la prestation : Sans frais<\/span><\/h5>\n<\/li>\n<li class=\"gmail-li8\">\n<h5><span class=\"gmail-s1\">Entre 25 (<\/span>vingt-cinq) jours et 20 (vingt) jours ouvr\u00e9s avant la prestation : 50% (cinquante pour-cent) du montant HT d\u00fb<\/h5>\n<\/li>\n<li class=\"gmail-li8\">\n<h5><span class=\"gmail-s1\">Entre 20 (vingt) jours et 10 (dix) jours ouvr\u00e9s avant la prestation : 75% (soixante-quinze pour-cent) du montant HT d\u00fb<\/span><\/h5>\n<\/li>\n<li class=\"gmail-li8\">\n<h5><span class=\"gmail-s1\">Moins de 10 (dix) jours ouvr\u00e9s avant la prestation : 100% (cent pour-cent) du montant HT d\u00fb<\/span><\/h5>\n<\/li>\n<\/ul>\n<\/li>\n<\/ul>\n<\/li>\n<\/ul>\n<\/div>\n<h5><span class=\"s1\">Demande d&rsquo;acompte :<br \/>\n<\/span><\/h5>\n<h5><span class=\"s1\">Pour les prestations d&rsquo;une valeur de plus de 5 000 \u20ac (cinq mille euros) HT, un acompte de 50% (cinquante pour-cent) sera demand\u00e9 15 (quinze) jours ouvr\u00e9s avant la prestation.<br \/>\nPour les prestations d&rsquo;une valeur entre 1 000 \u20ac (mille euros) HT et 5000 \u20ac (cinq mille euros) HT, un acompte de 50% (cinquante pour-cent) sera demand\u00e9 5 (cinq) jours avant la prestation.<\/span><\/h5>\n<h5><span class=\"s1\">Si le client souhaite contacter la soci\u00e9t\u00e9 Les Marmites Volantes, il peut le faire par email \u00e0 l\u2019adresse suivante\u00a0: <a href=\"mailto:commercial@marmitesvolantes.fr\"><span class=\"s7\">commercial@marmitesvolantes.fr<\/span><\/a><br \/>\n<\/span><\/h5>\n<h5><span class=\"s1\">Les Marmites Volantes se r\u00e9serve le droit d\u2019annuler une commande pour des motifs qui lui sont propres. Les Marmites Volantes s\u2019engage alors \u00e0 rembourser le client, si des sommes avaient \u00e9t\u00e9 vers\u00e9es pour ladite commande.<\/span><\/h5>\n<h4 class=\"p3\"><span class=\"s1\"><br \/>\n<span style=\"color: #d52b36;\"><b>Article 7. Modalit\u00e9s de paiement<\/b><\/span><\/span><\/h4>\n<h5><span class=\"s1\">La soci\u00e9t\u00e9 Les Marmites Volantes propose au client de r\u00e9gler ses prestations en Euros par virement bancaire ou ch\u00e8ques.<\/span><\/h5>\n<h5>La facture sera envoy\u00e9e \u00e0 l&rsquo;issue de la prestation. La facture devra \u00eatre r\u00e9gl\u00e9e par le client dans les 30 jours suivant la date de facturation par virement bancaire ou ch\u00e8ques.<\/h5>\n<h5><span class=\"s1\">La livraison de toute nouvelle Prestation pourra \u00eatre suspendue en cas de d\u00e9faut de paiement d\u2019une pr\u00e9c\u00e9dente Prestation. <\/span><\/h5>\n<h4 class=\"p5\"><span class=\"s3\"><span style=\"color: #d52b36;\"><b>Article 8. Livraison<\/b><\/span><\/span><\/h4>\n<h5 class=\"p5\"><span class=\"s1\"><br \/>\nNos livraisons sont effectu\u00e9es sur une zone de livraison d\u00e9finie par les Marmites Volantes, en v\u00e9lo cargo dans des sacs isothermes de maintien \u00e0 temp\u00e9rature.<br \/>\n<\/span><\/h5>\n<h5 class=\"p2\"><span class=\"s1\">Les livraisons sont effectu\u00e9es \u00e0 l\u2019adresse indiqu\u00e9e par le client lors de sa commande et reprise dans le devis.<\/span><\/h5>\n<h5 class=\"p2\"><span class=\"s1\">Les livraisons sont effectu\u00e9es par Les Marmites Volantes ou un de ses prestataires. Les d\u00e9lais de livraison indiqu\u00e9s sur le devis sont des d\u00e9lais indicatifs, compte tenu des al\u00e9as de circulation et des conditions m\u00e9t\u00e9orologiques. Les Marmites Volantes s\u2019efforce de faire le maximum pour r\u00e9aliser la livraison dans ces d\u00e9lais.<\/span><\/h5>\n<h5 class=\"p2\"><span class=\"s1\">Les Marmites Volantes s\u2019engage \u00e0 rembourser les frais de livraison en cas de retard sup\u00e9rieur \u00e0 30 minutes. Le reste de sa commande restera due.<\/span><\/h5>\n<h5 class=\"p2\"><span class=\"s1\">En cas de l\u2019absence du client sur le lieu de livraison ou d\u2019informations erron\u00e9es transmises lors de l\u2019achat, la commande sera remise \u00e0 la soci\u00e9t\u00e9 Les Marmites Volantes et restera due par le client. <\/span><\/h5>\n<h4 class=\"p2\"><span class=\"s5\" style=\"color: #d52b36;\"><b>Article 9. Perte, vol, casse ou oubli de mat\u00e9riel<\/b><\/span><\/h4>\n<h5 class=\"p2\"><span class=\"s1\">Aucun syst\u00e8me de caution n\u2019est mis en place au sujet du mat\u00e9riel que les Marmites Volantes repasse chercher \u00e0 l\u2019issue de chaque Prestation.<\/span><\/h5>\n<h5>Toutefois, en cas de perte, vol ou casse, et en dernier recours, il sera demand\u00e9 une contribution forfaitaire :<\/h5>\n<ul>\n<li>24 \u20ac (vingt-quatre euros) TTC par marmite manquante ou endommag\u00e9e<\/li>\n<li>24 \u20ac (vingt-quatre euros) TTC par couvercle de marmite manquante ou endommag\u00e9e<\/li>\n<li>2,40 \u20ac (2 euros, quarante centimes) TTC par assiette manquante ou endommag\u00e9e<\/li>\n<li>0,60 \u20ac (soixante centimes) TTC par couvert manquant ou endommag\u00e9<\/li>\n<li>1,20 \u20ac (un euro vingt centimes) TTC par \u00e9cocup manquant ou endommag\u00e9<\/li>\n<li>2,40 \u20ac (deux euros quarante centimes) TTC par couvert de service manquant ou endommag\u00e9<\/li>\n<li>24 \u20ac (vingt-quatre euros) TTC par planche \u00e0 d\u00e9couper manquante ou endommag\u00e9e<\/li>\n<li>24 \u20ac (vingt-quatre euros) TTC par plateau de service manquant ou endommag\u00e9<\/li>\n<li>108 \u20ac (cent huit euros) TTC par percolateur manquant ou endommag\u00e9<\/li>\n<li>24 \u20ac (vingt-quatre euros) TTC par bouilloire manquante ou endommag\u00e9e<\/li>\n<li>30 \u20ac (trente euros) TTC par sac isotherme manquant ou endommag\u00e9<\/li>\n<\/ul>\n<h5>En cas d&rsquo;oubli de mat\u00e9riel lors de la reprise, entra\u00eenant un d\u00e9placement suppl\u00e9mentaire, des frais \u00e9quivalents au tarif de livraison de base seront factur\u00e9s.<\/h5>\n<h4 class=\"p3\"><span class=\"s1\"><span style=\"color: #d52b36;\"><b>Article 10. D\u00e9lai de r\u00e9tractation<\/b><\/span><\/span><\/h4>\n<h5 class=\"p3\"><span class=\"s1\">En vertu de l\u2019Article L121-21-8 Cr\u00e9\u00e9 par la Loi n\u00b02014-344 du 17 mars 2014 \u2013 art. 9 (V) du Code de la Consommation, le droit de r\u00e9tractation applicable en mati\u00e8re de vente \u00e0 distance ne peut \u00eatre exerc\u00e9 dans le cas de la fourniture de biens qui, du fait de leur nature, sont susceptibles de se d\u00e9t\u00e9riorer ou de se p\u00e9rimer rapidement. Les Prestations vendues par Les Marmites Volantes \u00e9tant des denr\u00e9es alimentaires, ils ne sont ni repris ni \u00e9chang\u00e9s, sauf erreur imputable \u00e0 Les Marmites Volantes.<\/span><\/h5>\n<p>&nbsp;<\/p>\n<h4 class=\"p3\"><span class=\"s5\"><span style=\"color: #d52b36;\"><b>Article 11. Force majeure<\/b><\/span><br \/>\n<\/span><\/h4>\n<h5 class=\"p2\"><span class=\"s1\">Les Marmites Volantes est exon\u00e9r\u00e9 de ses obligations dans tous les cas de force majeure li\u00e9s \u00e0 des circonstances irr\u00e9sistibles, impr\u00e9visibles ou ext\u00e9rieures, notamment en cas de sinistres ou d\u2019intemp\u00e9ries reconnus, de gr\u00e8ve des prestataires logistiques, ou de tout autre \u00e9v\u00e9nement susceptible de perturber la bonne circulation des Produits et des syst\u00e8mes informatiques.<\/span><\/h5>\n<h4 class=\"p3\"><span class=\"s1\"><span style=\"color: #d52b36;\"><b>Article 12. Responsabilit\u00e9<\/b><\/span><br \/>\n<\/span><\/h4>\n<h5 class=\"p2\"><span class=\"s1\">La soci\u00e9t\u00e9 Les Marmites Volantes, dans le processus de vente \u00e0 distance, n\u2019est tenue que par une obligation de moyens. Sa responsabilit\u00e9 ne pourra \u00eatre engag\u00e9e pour un dommage r\u00e9sultant de l\u2019utilisation du r\u00e9seau Internet tel que perte de donn\u00e9es, intrusion, virus, rupture du service, ou autres probl\u00e8mes involontaires.<\/span><\/h5>\n<h4 class=\"p5\"><span class=\"s3\"><span style=\"color: #d52b36;\"><b>Article 13. Propri\u00e9t\u00e9 intellectuelle<\/b><\/span><\/span><\/h4>\n<h5 class=\"p5\"><span class=\"s3\"><br \/>\n<\/span><span class=\"s1\">Le Site est un service de communication gratuit. Les informations contenues sur le site Internet sont non contractuelles et peuvent faire l\u2019objet de modifications sans pr\u00e9avis.<br \/>\nL\u2019ensemble des \u00e9l\u00e9ments pr\u00e9sents sur le site ainsi que le site lui-m\u00eame sont prot\u00e9g\u00e9s par la l\u00e9gislation sur le droit d\u2019auteur. Il est interdit d\u2019utiliser, distribuer, copier, reproduire, modifier, d\u00e9naturer ou transmettre le site ou des \u00e9l\u00e9ments du site tels que textes, images, sans l\u2019autorisation \u00e9crite pr\u00e9alable de les Marmites Volantes. Les marques, logos, images ou photographies des personnes ou des lieux figurant sur le site sont la propri\u00e9t\u00e9 de les Marmites Volantes ou font l\u2019objet d\u2019une autorisation d\u2019utilisation. Aucun droit ou licence ne saurait \u00eatre attribu\u00e9 sur l\u2019un de ces \u00e9l\u00e9ments sans l\u2019autorisation sp\u00e9cifique et \u00e9crite de les Marmites Volantes ou du tiers, d\u00e9tenteur des droits de ces \u00e9l\u00e9ments. Toute utilisation non autoris\u00e9e peut entra\u00eener une violation des droits d\u2019auteur, des droits \u00e0 l\u2019image, des droits des personnes ou de toutes autres r\u00e9glementations applicables aux communications ou \u00e0 la publicit\u00e9. L&rsquo;entreprise Les Marmites Volantes\u00a0 se r\u00e9serve le droit de poursuivre toute action de contrefa\u00e7on de ses droits de propri\u00e9t\u00e9 intellectuelle, y compris dans le cadre d\u2019une action p\u00e9nale conform\u00e9ment au Code de la Propri\u00e9t\u00e9 Intellectuelle.<br \/>\n<\/span><\/h5>\n<h4 class=\"p3\"><span class=\"s1\"><span style=\"color: #d52b36;\"><b>Article 14. Donn\u00e9es \u00e0 caract\u00e8re personnel<\/b><\/span><\/span><\/h4>\n<h5 class=\"p3\"><span class=\"s1\">La soci\u00e9t\u00e9 Les Marmites Volantes s&rsquo;engage \u00e0 pr\u00e9server la confidentialit\u00e9 des informations fournies par le client, qu&rsquo;il serait amen\u00e9 \u00e0 transmettre pour l&rsquo;utilisation de certains services. Toute information le concernant est soumise aux dispositions de la loi n\u00b0 78-17 du 6 janvier 1978. A ce titre, l&rsquo;internaute dispose d&rsquo;un droit d&rsquo;acc\u00e8s, de modification et de suppression des informations le concernant. Il peut en faire la demande \u00e0 tout moment par courrier \u00e0 l\u2019adresse suivante\u00a0: Les Marmites Volantes, 69 rue Armand Carrel, 75019 Paris.<\/span><\/h5>\n<h4 class=\"p3\"><span class=\"s5\" style=\"color: #d52b36;\"><b>Article 15. Liens hypertextes<\/b><\/span><\/h4>\n<h5 class=\"p2\"><span class=\"s1\"><br \/>\nLes Marmites Volantes n\u2019est pas responsable du contenu des Sites \u00e9dit\u00e9s par des tiers dont les liens hypertextes pointent vers le Site. Il est \u00e9galement pr\u00e9cis\u00e9 que la pr\u00e9sence de liens hypertextes sur le Site vers des Sites internet de prestataires ou de tiers ne constitue pas une validation par Les Marmites Volantes de ces Sites et de leur contenu. La responsabilit\u00e9 de Les Marmites Volantes ne saurait en cons\u00e9quence \u00eatre engag\u00e9e \u00e0 raison de contenus tiers, dont la responsabilit\u00e9 incombe \u00e0 leur \u00e9diteur.<\/span><\/h5>\n<h4 class=\"p2\"><span class=\"s5\" style=\"color: #d52b36;\"><b>Article 16. Dispositions g\u00e9n\u00e9rales<\/b><\/span><\/h4>\n<h5 class=\"p2\"><span class=\"s1\">Si une clause des CGV se r\u00e9v\u00e9lait nulle, le reste de ce document ne sera pas affect\u00e9 par la nullit\u00e9 de cette clause. Tous les cas d\u2019usage non pr\u00e9vus par les CGV seront tranch\u00e9s par Les Marmites Volantes dont les d\u00e9cisions ne seront susceptibles d\u2019aucun recours.<br \/>\n<\/span><\/h5>\n<h4 class=\"p3\"><span class=\"s1\"><span style=\"color: #d52b36;\"><b>Article 17. R\u00e8glement des litiges<\/b><\/span><br \/>\n<\/span><\/h4>\n<h5 class=\"p2\"><span class=\"s1\">Les pr\u00e9sentes conditions de vente \u00e0 distance sont soumises \u00e0 la loi fran\u00e7aise. Pour tous litiges ou contentieux, le client s\u2019adressera en priorit\u00e9 \u00e0 Les Marmites Volantes afin de trouver une solution amiable. A d\u00e9faut, le Tribunal comp\u00e9tent sera celui de Paris.<\/span><\/h5>\n","protected":false},"excerpt":{"rendered":"<p>CGV Les Marmites Volantes \u00a0 Conditions g\u00e9n\u00e9rales de vente Les pr\u00e9sentes conditions de vente sont conclues d\u2019une part par l\u2019Entreprise Solidaire d\u2019Utilit\u00e9 Sociale, SARL Les Bouffesquetaires au capital social de 62 250\u20ac (Soixante deux mille deux cent cinquante euros) dont le si\u00e8ge social est situ\u00e9 au 69 rue Armand Carrel, 75019 Paris immatricul\u00e9e au Registre [&hellip;]<\/p>\n","protected":false},"author":1,"featured_media":0,"parent":0,"menu_order":0,"comment_status":"closed","ping_status":"closed","template":"editoriale.php","meta":{"footnotes":""},"class_list":["post-280","page","type-page","status-publish","hentry"],"_links":{"self":[{"href":"https:\/\/www.marmitesvolantes.fr\/index.php\/wp-json\/wp\/v2\/pages\/280","targetHints":{"allow":["GET"]}}],"collection":[{"href":"https:\/\/www.marmitesvolantes.fr\/index.php\/wp-json\/wp\/v2\/pages"}],"about":[{"href":"https:\/\/www.marmitesvolantes.fr\/index.php\/wp-json\/wp\/v2\/types\/page"}],"author":[{"embeddable":true,"href":"https:\/\/www.marmitesvolantes.fr\/index.php\/wp-json\/wp\/v2\/users\/1"}],"replies":[{"embeddable":true,"href":"https:\/\/www.marmitesvolantes.fr\/index.php\/wp-json\/wp\/v2\/comments?post=280"}],"version-history":[{"count":12,"href":"https:\/\/www.marmitesvolantes.fr\/index.php\/wp-json\/wp\/v2\/pages\/280\/revisions"}],"predecessor-version":[{"id":1221,"href":"https:\/\/www.marmitesvolantes.fr\/index.php\/wp-json\/wp\/v2\/pages\/280\/revisions\/1221"}],"wp:attachment":[{"href":"https:\/\/www.marmitesvolantes.fr\/index.php\/wp-json\/wp\/v2\/media?parent=280"}],"curies":[{"name":"wp","href":"https:\/\/api.w.org\/{rel}","templated":true}]}}