{"id":30,"date":"2020-01-20T15:39:06","date_gmt":"2020-01-20T14:39:06","guid":{"rendered":"https:\/\/www.marmitesvolantes.fr\/?page_id=30"},"modified":"2025-05-16T12:38:17","modified_gmt":"2025-05-16T10:38:17","slug":"nos-restaurants","status":"publish","type":"page","link":"https:\/\/www.marmitesvolantes.fr\/index.php\/nos-offres\/nos-restaurants\/","title":{"rendered":"Restaurant"},"content":{"rendered":"<h4 style=\"text-align: left;\"><span style=\"color: #d52b35;\">Nous vous accueillons dans notre restaurant \u00e0 Jaur\u00e8s.<\/span><\/h4>\n<p>Du lundi au vendredi entre 12h et 14h, sur place ou \u00e0 emporter.<\/p>\n<p>69 rue Armand Carrel, 75019 Paris<br \/>\n09.87.50.83.82<\/p>\n<h4><span style=\"color: #d52b35;\">Qu&rsquo;est-ce qu&rsquo;on mange ?<\/span><\/h4>\n<p>Nous proposons une carte courte qui change tous les jours, cuisin\u00e9e avec des produits de saison de nos producteurs et productrices.<\/p>\n<h4><span style=\"color: #d52b35;\">Tarifs :<\/span><\/h4>\n<p>Plat v\u00e9g\u00e9tarien : 12,5 \u20ac \/\/ Plat carn\u00e9 : 14 \u20ac<br \/>\nFormules v\u00e9g\u00e9tariennes : E &#8211; P \/ P &#8211; D : 17 \u20ac \/\/ E &#8211; P &#8211; D : 20,5 \u20ac<br \/>\nFormules avec viande : E &#8211; P \/ P &#8211; D : 18,5 \u20ac \/\/ E &#8211; P &#8211; D : 22 \u20ac<\/p>\n<p>&nbsp;<\/p>\n<p style=\"text-align: center;\"><iframe loading=\"lazy\" src=\"https:\/\/docs.google.com\/presentation\/d\/e\/2PACX-1vRYV_FmZdAQv0_nODTmKi5tI2w26DHM9Zef5eyuZyIDta1iSrSwQAO4d6u-idgKD2VNrnJc75QDYZzV\/embed?start=false&amp;loop=false&amp;delayms=3000\" width=\"400\" height=\"602\" frameborder=\"0\" allowfullscreen=\"allowfullscreen\"><span data-mce-type=\"bookmark\" style=\"display: inline-block; width: 0px; overflow: hidden; line-height: 0;\" class=\"mce_SELRES_start\">\ufeff<\/span><\/iframe><\/p>\n<h1 style=\"text-align: center;\"><span style=\"color: #d52b35;\"><strong><img loading=\"lazy\" decoding=\"async\" class=\"wp-image-349 size-full aligncenter\" src=\"https:\/\/www.marmitesvolantes.fr\/wp-content\/uploads\/2021\/12\/Page-22Nos-restaurants22.002.jpeg\" alt=\"\" width=\"680\" height=\"510\" \/><\/strong><\/span><\/h1>\n","protected":false},"excerpt":{"rendered":"<p>Nous vous accueillons dans notre restaurant \u00e0 Jaur\u00e8s. Du lundi au vendredi entre 12h et 14h, sur place ou \u00e0 emporter. 69 rue Armand Carrel, 75019 Paris 09.87.50.83.82 Qu&rsquo;est-ce qu&rsquo;on mange ? Nous proposons une carte courte qui change tous les jours, cuisin\u00e9e avec des produits de saison de nos producteurs et productrices. Tarifs : [&hellip;]<\/p>\n","protected":false},"author":1,"featured_media":1202,"parent":14,"menu_order":0,"comment_status":"closed","ping_status":"closed","template":"souspageeditoriale.php","meta":{"footnotes":""},"class_list":["post-30","page","type-page","status-publish","has-post-thumbnail","hentry"],"_links":{"self":[{"href":"https:\/\/www.marmitesvolantes.fr\/index.php\/wp-json\/wp\/v2\/pages\/30","targetHints":{"allow":["GET"]}}],"collection":[{"href":"https:\/\/www.marmitesvolantes.fr\/index.php\/wp-json\/wp\/v2\/pages"}],"about":[{"href":"https:\/\/www.marmitesvolantes.fr\/index.php\/wp-json\/wp\/v2\/types\/page"}],"author":[{"embeddable":true,"href":"https:\/\/www.marmitesvolantes.fr\/index.php\/wp-json\/wp\/v2\/users\/1"}],"replies":[{"embeddable":true,"href":"https:\/\/www.marmitesvolantes.fr\/index.php\/wp-json\/wp\/v2\/comments?post=30"}],"version-history":[{"count":58,"href":"https:\/\/www.marmitesvolantes.fr\/index.php\/wp-json\/wp\/v2\/pages\/30\/revisions"}],"predecessor-version":[{"id":301,"href":"https:\/\/www.marmitesvolantes.fr\/index.php\/wp-json\/wp\/v2\/pages\/30\/revisions\/301"}],"up":[{"embeddable":true,"href":"https:\/\/www.marmitesvolantes.fr\/index.php\/wp-json\/wp\/v2\/pages\/14"}],"wp:featuredmedia":[{"embeddable":true,"href":"https:\/\/www.marmitesvolantes.fr\/index.php\/wp-json\/wp\/v2\/media\/1202"}],"wp:attachment":[{"href":"https:\/\/www.marmitesvolantes.fr\/index.php\/wp-json\/wp\/v2\/media?parent=30"}],"curies":[{"name":"wp","href":"https:\/\/api.w.org\/{rel}","templated":true}]}}